{"id":25,"date":"2025-06-12T10:55:33","date_gmt":"2025-06-12T10:55:33","guid":{"rendered":"https:\/\/go.ar-plan.de\/?page_id=25"},"modified":"2026-02-20T14:24:06","modified_gmt":"2026-02-20T14:24:06","slug":"aktuelles-2","status":"publish","type":"page","link":"https:\/\/gohrisch.de\/?page_id=25","title":{"rendered":"Aktuelles"},"content":{"rendered":"<p data-start=\"181\" data-end=\"452\">Die Gemeinde <strong data-start=\"194\" data-end=\"206\">Gohrisch<\/strong> liegt im Herzen der S\u00e4chsischen Schweiz und besteht aus den Ortsteilen <strong data-start=\"278\" data-end=\"342\">Cunnersdorf, Kleinhennersdorf, Kurort Gohrisch und Papstdorf<\/strong>. Rund <strong>1.9<\/strong><strong data-start=\"349\" data-end=\"368\">00 Einwohner<\/strong> leben hier zwischen markanten Tafelbergen, weiten W\u00e4ldern und idyllischen T\u00e4lern.<\/p>\n<p data-start=\"454\" data-end=\"746\">Gohrisch ist als <strong data-start=\"471\" data-end=\"509\">staatlich anerkannter Erholungsort<\/strong> bekannt und bietet ideale Bedingungen zum Wandern, Radfahren und Entspannen. Tradition, Gastfreundschaft und Naturverbundenheit machen die Gemeinde zu einem besonderen Ziel f\u00fcr G\u00e4ste und zu einem lebenswerten Zuhause f\u00fcr Einheimische.<\/p>\n","protected":false},"excerpt":{"rendered":"<p>Die Gemeinde Gohrisch liegt im Herzen der S\u00e4chsischen Schweiz und besteht aus den Ortsteilen Cunnersdorf, Kleinhennersdorf, Kurort Gohrisch und Papstdorf. Rund 1.900 Einwohner leben hier zwischen markanten Tafelbergen, weiten W\u00e4ldern&hellip;<\/p>\n","protected":false},"author":1,"featured_media":1151,"parent":0,"menu_order":0,"comment_status":"closed","ping_status":"closed","template":"","meta":{"_FSMCFIC_featured_image_caption":"","_FSMCFIC_featured_image_nocaption":"","_FSMCFIC_featured_image_hide":"","_mc_calendar":[],"footnotes":""},"class_list":["post-25","page","type-page","status-publish","has-post-thumbnail","hentry"],"_links":{"self":[{"href":"https:\/\/gohrisch.de\/index.php?rest_route=\/wp\/v2\/pages\/25","targetHints":{"allow":["GET"]}}],"collection":[{"href":"https:\/\/gohrisch.de\/index.php?rest_route=\/wp\/v2\/pages"}],"about":[{"href":"https:\/\/gohrisch.de\/index.php?rest_route=\/wp\/v2\/types\/page"}],"author":[{"embeddable":true,"href":"https:\/\/gohrisch.de\/index.php?rest_route=\/wp\/v2\/users\/1"}],"replies":[{"embeddable":true,"href":"https:\/\/gohrisch.de\/index.php?rest_route=%2Fwp%2Fv2%2Fcomments&post=25"}],"version-history":[{"count":4,"href":"https:\/\/gohrisch.de\/index.php?rest_route=\/wp\/v2\/pages\/25\/revisions"}],"predecessor-version":[{"id":467,"href":"https:\/\/gohrisch.de\/index.php?rest_route=\/wp\/v2\/pages\/25\/revisions\/467"}],"wp:featuredmedia":[{"embeddable":true,"href":"https:\/\/gohrisch.de\/index.php?rest_route=\/wp\/v2\/media\/1151"}],"wp:attachment":[{"href":"https:\/\/gohrisch.de\/index.php?rest_route=%2Fwp%2Fv2%2Fmedia&parent=25"}],"curies":[{"name":"wp","href":"https:\/\/api.w.org\/{rel}","templated":true}]}}