{"id":263,"date":"2025-08-21T11:33:59","date_gmt":"2025-08-21T11:33:59","guid":{"rendered":"https:\/\/go.ar-plan.de\/?page_id=263"},"modified":"2026-02-19T12:29:37","modified_gmt":"2026-02-19T12:29:37","slug":"radtouren","status":"publish","type":"page","link":"https:\/\/gohrisch.de\/?page_id=263","title":{"rendered":"Radtouren"},"content":{"rendered":"<p><img loading=\"lazy\" decoding=\"async\" title=\"Verlauf Elberadweg durch die S\u00e4chsische Schweiz\" src=\"https:\/\/www.gohrisch.de\/tourismus\/bilder\/elberadweg.jpg?m=1567435712&amp;\" alt=\"Verlauf Elberadweg durch die S\u00e4chsische Schweiz\" width=\"250\" height=\"602\" align=\"right\" border=\"0\" hspace=\"10\" vspace=\"5\" \/><\/p>\n<p>Bedingt durch die Topographie des Erosionsgebirges sind die Strecken teilweise <span style=\"font-size: 12pt;\">sehr anspruchsvoll. Die nachfolgend vorgestellten Touren lassen sich selbstverst\u00e4ndlich auch in den anderen Ortsteilen der Gemeinde beginnen, verk\u00fcrzen oder kombinieren. Der Charakter der Wege ist unterschiedlich und reicht von schottergebundenen Decken bis hin zu \u00f6ffentlichen Stra\u00dfenabschnitten. Stark befahrene Stra\u00dfen wurden bei der Auswahl gemieden. Erforderlich ist gutes, mit H\u00f6henlinien versehenes Kartenmaterial. Empfehlung: Detailkarten des Kartographischen Verlages Rolf B\u00f6hm, Bad Schandau oder KOMPASS Wander-und Radtourenkarte S\u00e4chsische Schweiz. <\/span> <span style=\"font-size: 12pt;\">Eine weitere Empfehlung gilt dem <a href=\"http:\/\/www.bergverlag-roelke.de\/\" target=\"_blank\" rel=\"noopener\">&#8222;Wander- und Naturf\u00fchrer S\u00e4chsische Schweiz Band 2&#8220; (ISBN 3-934514-09-X)<\/a>.<\/span><\/p>\n<h4><\/h4>\n<p>&nbsp;<\/p>\n<h4>Der Elbradweg<\/h4>\n<p>(Faltblatt erh\u00e4ltlich, <a href=\"http:\/\/www.elberadweg.de\/\" target=\"_blank\" rel=\"noopener\">www.elberadweg.de<\/a>)<\/p>\n<p>Der Elbradweg hat von der Staatsgrenze bei Sch\u00f6na bis zur Kreisgrenze bei Heidenau eine L\u00e4nge von 40 km bei minimalen H\u00f6henunterschieden. Die landschaftlich attraktivsten Abschnitte sind Sch\u00f6na &#8211; Bad Schandau sowie K\u00f6nigstein- Pirna. Ausdr\u00fccklich empfohlen sei die Nutzung der S-Bahn f\u00fcr die R\u00fcckfahrt. Grenz\u00fcberschreitend l\u00e4\u00dft sich aber auch die B\u00f6hmische Schweiz per Fahrrad erkunden.<\/p>\n<h4>Kohlbornstein-Tour (15 km)<\/h4>\n<p>Kurort Gohrisch- Pfaffendorfer Str.- K\u00f6nigsweg- Kohlweg- Cunnersdorf- Querweg- Aufstieg auf Kohlbornstein (R\u00e4der abstellen) &#8211; Papstdorf (Ghs.) &#8211; Kleinhennersdorf- Gunstweg- Kleinhennersdorfer Steig- Allee- Suppelsgrund- Kurort Gohrisch<\/p>\n<h4>Cunnersdorfer &#8222;Wasserrunde&#8220; (21 km)<\/h4>\n<p>Papstdorf- Querweg- Lange F\u00fcnf- Taubenteich- Taubenbach- Cunnersdorfer Bach- Freibad Cunnersdorf (Ghs.)- Papstdorf<\/p>\n<h4>Bielatalrunde (25 km)<\/h4>\n<p>Cunnersdorf- Cunnersdf. Bach- Fuchsbach- Fuchsteich-Grenz\u00fcbergang- Steinbornweg- D\u00fcrrebielegrund- Ottom\u00fchle (Imbi\u00df)- Schweizerm\u00fchle- Reichstein- Cunnersdf. Str. Lampertsstr.- Cunnersdorf<\/p>\n<h4>Kaiserkronen- Runde (37 km)<\/h4>\n<p>Cunnersdorf- Forstm\u00fchle- Kleingie\u00dfh\u00fcbel- Wiesenweg- Marktweg- Reuterhof- (Variante: Waldbad Sch\u00f6na) Ort Sch\u00f6na (Ghs.)- Kaiserkrone (R\u00e4der abstellen)- Bahnhofstra\u00dfe-Elbradweg- Bad Schandau- Elbe queren (Br\u00fccke)-Prossen- Halbestadt (\u00fcbersetzen nach K\u00f6nigstein)- Talstra\u00dfe nach Cunnersdorf<\/p>\n<h4>Schneeberg- Runde (55km)<\/h4>\n<p>Cunnersdorf (260 m \u00fc. N.) &#8211; Fuchsteich- Grenz\u00fcbergang Rosenthal- (CR) Schneeberg (722 m \u00fc. M. AT, Ghs.)- Maxdorf (Maxicky)- Bodenbach (Podmokly) (120 m \u00fc. M. !) &#8211; Elbradweg- Sch\u00f6na- (Variante: S-Bahn bis K\u00f6nigstein)- Bad Schandau- Rietzschgrund- Gohrisch- Cunnersdorf Tour ist sehr anspruchsvoll, aber interessant, von Maxdorf bis Bad Schandau nur talw\u00e4rts (Gegenrichtung nicht empfehlenswert), Personalausweis erforderlich<\/p>\n","protected":false},"excerpt":{"rendered":"<p>Bedingt durch die Topographie des Erosionsgebirges sind die Strecken teilweise sehr anspruchsvoll. Die nachfolgend vorgestellten Touren lassen sich selbstverst\u00e4ndlich auch in den anderen Ortsteilen der Gemeinde beginnen, verk\u00fcrzen oder kombinieren.&hellip;<\/p>\n","protected":false},"author":1,"featured_media":781,"parent":27,"menu_order":0,"comment_status":"closed","ping_status":"closed","template":"","meta":{"_FSMCFIC_featured_image_caption":"","_FSMCFIC_featured_image_nocaption":"","_FSMCFIC_featured_image_hide":"","_mc_calendar":[],"footnotes":""},"class_list":["post-263","page","type-page","status-publish","has-post-thumbnail","hentry"],"_links":{"self":[{"href":"https:\/\/gohrisch.de\/index.php?rest_route=\/wp\/v2\/pages\/263","targetHints":{"allow":["GET"]}}],"collection":[{"href":"https:\/\/gohrisch.de\/index.php?rest_route=\/wp\/v2\/pages"}],"about":[{"href":"https:\/\/gohrisch.de\/index.php?rest_route=\/wp\/v2\/types\/page"}],"author":[{"embeddable":true,"href":"https:\/\/gohrisch.de\/index.php?rest_route=\/wp\/v2\/users\/1"}],"replies":[{"embeddable":true,"href":"https:\/\/gohrisch.de\/index.php?rest_route=%2Fwp%2Fv2%2Fcomments&post=263"}],"version-history":[{"count":10,"href":"https:\/\/gohrisch.de\/index.php?rest_route=\/wp\/v2\/pages\/263\/revisions"}],"predecessor-version":[{"id":1104,"href":"https:\/\/gohrisch.de\/index.php?rest_route=\/wp\/v2\/pages\/263\/revisions\/1104"}],"up":[{"embeddable":true,"href":"https:\/\/gohrisch.de\/index.php?rest_route=\/wp\/v2\/pages\/27"}],"wp:featuredmedia":[{"embeddable":true,"href":"https:\/\/gohrisch.de\/index.php?rest_route=\/wp\/v2\/media\/781"}],"wp:attachment":[{"href":"https:\/\/gohrisch.de\/index.php?rest_route=%2Fwp%2Fv2%2Fmedia&parent=263"}],"curies":[{"name":"wp","href":"https:\/\/api.w.org\/{rel}","templated":true}]}}