{"id":674,"date":"2025-10-28T11:35:49","date_gmt":"2025-10-28T11:35:49","guid":{"rendered":"https:\/\/go.ar-plan.de\/?page_id=674"},"modified":"2026-02-09T11:46:05","modified_gmt":"2026-02-09T11:46:05","slug":"vitejte-v-gohrisch-vasem-docasnem-domove","status":"publish","type":"page","link":"https:\/\/gohrisch.de\/?page_id=674&lang=cs","title":{"rendered":"V\u00edtejte v Gohrisch \u2013 Va\u0161em do\u010dasn\u00e9m domov\u011b"},"content":{"rendered":"<p>V\u00cdTEJTE V GOHRISCHU \u2013 VA\u0160EM DO\u010cASN\u00c9M DOMOV\u011a<\/p>\n<p>U\u017eijte si klidn\u00e9 noci v p\u0159\u00e1telsk\u00e9 a \u00fatuln\u00e9 atmosf\u00e9\u0159e. Na\u0161i pronaj\u00edmatel\u00e9 v\u00e1m nab\u00edzej\u00ed ide\u00e1ln\u00ed \u00fato\u010di\u0161t\u011b \u2013 a\u0165 u\u017e pro kr\u00e1tkou zast\u00e1vku, v\u00edkendov\u00fd v\u00fdlet nebo del\u0161\u00ed pobyt. T\u011b\u0161te se na komfortn\u00ed pokoje, osobn\u00ed pohostinnost a perfektn\u00ed v\u00fdchoz\u00ed bod pro klidn\u00e9 objevov\u00e1n\u00ed okol\u00ed.<\/p>\n<p>Hotely&nbsp; Penziony&nbsp;Pr\u00e1zdninov\u00e9 byty<\/p>\n<p data-start=\"147\" data-end=\"521\"><a class=\"fasc-button fasc-size-large fasc-type-flat fasc-ico-before dashicons-admin-home\" style=\"background-color: #33809e; color: #ffffff;\" href=\"https:\/\/gohrisch.de\/?page_id=242\">Hotely a penziony<\/a><\/p>\n<p data-start=\"147\" data-end=\"521\"><a class=\"fasc-button fasc-size-large fasc-type-flat fasc-ico-before dashicons-flag\" style=\"background-color: #33809e; color: #ffffff;\" href=\"https:\/\/gohrisch.de\/?page_id=240\">Ubytovny a kempy<\/a><\/p>\n<p data-start=\"147\" data-end=\"521\"><a class=\"fasc-button fasc-size-large fasc-type-flat ico-fa fasc-ico-before fa-group\" style=\"background-color: #33809e; color: #ffffff;\" href=\"https:\/\/gohrisch.de\/?page_id=244\">pr\u00e1zdninov\u00e9 byty<\/a><\/p>\n","protected":false},"excerpt":{"rendered":"<p>V\u00cdTEJTE V GOHRISCHU \u2013 VA\u0160EM DO\u010cASN\u00c9M DOMOV\u011a U\u017eijte si klidn\u00e9 noci v p\u0159\u00e1telsk\u00e9 a \u00fatuln\u00e9 atmosf\u00e9\u0159e. Na\u0161i pronaj\u00edmatel\u00e9 v\u00e1m nab\u00edzej\u00ed ide\u00e1ln\u00ed \u00fato\u010di\u0161t\u011b \u2013 a\u0165 u\u017e pro kr\u00e1tkou zast\u00e1vku, v\u00edkendov\u00fd v\u00fdlet&hellip;<\/p>\n","protected":false},"author":1,"featured_media":466,"parent":0,"menu_order":0,"comment_status":"closed","ping_status":"closed","template":"","meta":{"_FSMCFIC_featured_image_caption":"","_FSMCFIC_featured_image_nocaption":"","_FSMCFIC_featured_image_hide":"","_mc_calendar":[],"footnotes":""},"class_list":["post-674","page","type-page","status-publish","has-post-thumbnail","hentry"],"_links":{"self":[{"href":"https:\/\/gohrisch.de\/index.php?rest_route=\/wp\/v2\/pages\/674","targetHints":{"allow":["GET"]}}],"collection":[{"href":"https:\/\/gohrisch.de\/index.php?rest_route=\/wp\/v2\/pages"}],"about":[{"href":"https:\/\/gohrisch.de\/index.php?rest_route=\/wp\/v2\/types\/page"}],"author":[{"embeddable":true,"href":"https:\/\/gohrisch.de\/index.php?rest_route=\/wp\/v2\/users\/1"}],"replies":[{"embeddable":true,"href":"https:\/\/gohrisch.de\/index.php?rest_route=%2Fwp%2Fv2%2Fcomments&post=674"}],"version-history":[{"count":8,"href":"https:\/\/gohrisch.de\/index.php?rest_route=\/wp\/v2\/pages\/674\/revisions"}],"predecessor-version":[{"id":1041,"href":"https:\/\/gohrisch.de\/index.php?rest_route=\/wp\/v2\/pages\/674\/revisions\/1041"}],"wp:featuredmedia":[{"embeddable":true,"href":"https:\/\/gohrisch.de\/index.php?rest_route=\/wp\/v2\/media\/466"}],"wp:attachment":[{"href":"https:\/\/gohrisch.de\/index.php?rest_route=%2Fwp%2Fv2%2Fmedia&parent=674"}],"curies":[{"name":"wp","href":"https:\/\/api.w.org\/{rel}","templated":true}]}}

Vítejte v Gohrisch – Vašem dočasném domově

<p>VÍTEJTE V GOHRISCHU – VAŠEM DOČASNÉM DOMOVĚ</p>
<p>Užijte si klidné noci v přátelské a útulné atmosféře. Naši pronajímatelé vám nabízejí ideální útočiště – ať už pro krátkou zastávku, víkendový výlet nebo delší pobyt. Těšte se na komfortní pokoje, osobní pohostinnost a perfektní výchozí bod pro klidné objevování okolí.</p>
<p>Hotely&nbsp; Penziony&nbsp;Prázdninové byty</p>
<p data-start="147" data-end="521"><a class="fasc-button fasc-size-large fasc-type-flat fasc-ico-before dashicons-admin-home" style="background-color: #33809e; color: #ffffff;" href="https://gohrisch.de/?page_id=242">Hotely a penziony</a></p>
<p data-start="147" data-end="521"><a class="fasc-button fasc-size-large fasc-type-flat fasc-ico-before dashicons-flag" style="background-color: #33809e; color: #ffffff;" href="https://gohrisch.de/?page_id=240">Ubytovny a kempy</a></p>
<p data-start="147" data-end="521"><a class="fasc-button fasc-size-large fasc-type-flat ico-fa fasc-ico-before fa-group" style="background-color: #33809e; color: #ffffff;" href="https://gohrisch.de/?page_id=244">prázdninové byty</a></p>

<p>VÍTEJTE V GOHRISCHU – VAŠEM DOČASNÉM DOMOVĚ Užijte si klidné noci v přátelské a útulné atmosféře. Naši pronajímatelé vám nabízejí ideální útočiště – ať už pro krátkou zastávku, víkendový výlet&hellip;</p>
