{"id":682,"date":"2025-10-28T11:56:47","date_gmt":"2025-10-28T11:56:47","guid":{"rendered":"https:\/\/go.ar-plan.de\/?page_id=682"},"modified":"2025-10-28T11:57:24","modified_gmt":"2025-10-28T11:57:24","slug":"aktualni-2","status":"publish","type":"page","link":"https:\/\/gohrisch.de\/?page_id=682&lang=cs","title":{"rendered":"aktu\u00e1ln\u00ed"},"content":{"rendered":"<p>Obec Gohrisch le\u017e\u00ed v srdci Sask\u00e9ho \u0160v\u00fdcarska a skl\u00e1d\u00e1 se z \u010d\u00e1st\u00ed Cunnersdorf, Kleinhennersdorf, Kurort Gohrisch a Papstdorf. Mezi v\u00fdrazn\u00fdmi stolov\u00fdmi horami, rozlehl\u00fdmi lesy a idylick\u00fdmi \u00fadol\u00edmi zde \u017eije p\u0159ibli\u017en\u011b 1 900 obyvatel.<\/p>\n<p>Gohrisch je zn\u00e1m\u00fd jako st\u00e1tem uzn\u00e1van\u00e9 rekrea\u010dn\u00ed st\u0159edisko a nab\u00edz\u00ed ide\u00e1ln\u00ed podm\u00ednky pro p\u011b\u0161\u00ed turistiku, cyklistiku a odpo\u010dinek. Tradice, pohostinnost a bl\u00edzkost p\u0159\u00edrody d\u011blaj\u00ed z t\u00e9to obce v\u00fdjime\u010dnou destinaci pro hosty a p\u0159\u00edjemn\u00e9 m\u00edsto k \u017eivotu pro m\u00edstn\u00ed obyvatele.<\/p>\n","protected":false},"excerpt":{"rendered":"<p>Obec Gohrisch le\u017e\u00ed v srdci Sask\u00e9ho \u0160v\u00fdcarska a skl\u00e1d\u00e1 se z \u010d\u00e1st\u00ed Cunnersdorf, Kleinhennersdorf, Kurort Gohrisch a Papstdorf. Mezi v\u00fdrazn\u00fdmi stolov\u00fdmi horami, rozlehl\u00fdmi lesy a idylick\u00fdmi \u00fadol\u00edmi zde \u017eije p\u0159ibli\u017en\u011b&hellip;<\/p>\n","protected":false},"author":1,"featured_media":79,"parent":0,"menu_order":0,"comment_status":"closed","ping_status":"closed","template":"","meta":{"_FSMCFIC_featured_image_caption":"","_FSMCFIC_featured_image_nocaption":"","_FSMCFIC_featured_image_hide":"","_mc_calendar":[],"footnotes":""},"class_list":["post-682","page","type-page","status-publish","has-post-thumbnail","hentry"],"_links":{"self":[{"href":"https:\/\/gohrisch.de\/index.php?rest_route=\/wp\/v2\/pages\/682","targetHints":{"allow":["GET"]}}],"collection":[{"href":"https:\/\/gohrisch.de\/index.php?rest_route=\/wp\/v2\/pages"}],"about":[{"href":"https:\/\/gohrisch.de\/index.php?rest_route=\/wp\/v2\/types\/page"}],"author":[{"embeddable":true,"href":"https:\/\/gohrisch.de\/index.php?rest_route=\/wp\/v2\/users\/1"}],"replies":[{"embeddable":true,"href":"https:\/\/gohrisch.de\/index.php?rest_route=%2Fwp%2Fv2%2Fcomments&post=682"}],"version-history":[{"count":2,"href":"https:\/\/gohrisch.de\/index.php?rest_route=\/wp\/v2\/pages\/682\/revisions"}],"predecessor-version":[{"id":685,"href":"https:\/\/gohrisch.de\/index.php?rest_route=\/wp\/v2\/pages\/682\/revisions\/685"}],"wp:featuredmedia":[{"embeddable":true,"href":"https:\/\/gohrisch.de\/index.php?rest_route=\/wp\/v2\/media\/79"}],"wp:attachment":[{"href":"https:\/\/gohrisch.de\/index.php?rest_route=%2Fwp%2Fv2%2Fmedia&parent=682"}],"curies":[{"name":"wp","href":"https:\/\/api.w.org\/{rel}","templated":true}]}}

aktuální

<p>Obec Gohrisch leží v srdci Saského Švýcarska a skládá se z částí Cunnersdorf, Kleinhennersdorf, Kurort Gohrisch a Papstdorf. Mezi výraznými stolovými horami, rozlehlými lesy a idylickými údolími zde žije přibližně 1 900 obyvatel.</p>
<p>Gohrisch je známý jako státem uznávané rekreační středisko a nabízí ideální podmínky pro pěší turistiku, cyklistiku a odpočinek. Tradice, pohostinnost a blízkost přírody dělají z této obce výjimečnou destinaci pro hosty a příjemné místo k životu pro místní obyvatele.</p>

<p>Obec Gohrisch leží v srdci Saského Švýcarska a skládá se z částí Cunnersdorf, Kleinhennersdorf, Kurort Gohrisch a Papstdorf. Mezi výraznými stolovými horami, rozlehlými lesy a idylickými údolími zde žije přibližně&hellip;</p>
