{"id":691,"date":"2025-10-28T14:46:44","date_gmt":"2025-10-28T14:46:44","guid":{"rendered":"https:\/\/go.ar-plan.de\/?page_id=691"},"modified":"2026-02-09T13:15:33","modified_gmt":"2026-02-09T13:15:33","slug":"kultura-a-cestovni-ruch","status":"publish","type":"page","link":"https:\/\/gohrisch.de\/?page_id=691&lang=cs","title":{"rendered":"Kultura a cestovn\u00ed ruch"},"content":{"rendered":"<p>UBYTOV\u00c1N\u00cd A OBJEVOV\u00c1N\u00cd<\/p>\n<p>V\u00edtejte ve sv\u00e9m ubytov\u00e1n\u00ed uprost\u0159ed srdce na\u0161eho regionu! Pro\u017eijte nezapomenuteln\u00e9 dny, objevujte pam\u00e1tky, kulturu a p\u0159\u00edrodu \u2013 a zakon\u010dete ve\u010dery v p\u0159\u00edjemn\u00e9 atmosf\u00e9\u0159e. A\u0165 u\u017e se jedn\u00e1 o aktivn\u00ed dovolenou, rodinn\u00fd v\u00fdlet nebo \u010dist\u00fd odpo\u010dinek: u n\u00e1s najdete ide\u00e1ln\u00ed v\u00fdchoz\u00ed bod pro svou cestu.<\/p>\n<p data-start=\"147\" data-end=\"521\"><a class=\"fasc-button fasc-size-large fasc-type-flat fasc-ico-before dashicons-admin-home\" style=\"background-color: #33809e; color: #ffffff;\" href=\"https:\/\/gohrisch.de\/?page_id=242\">Hotely a penziony<\/a><\/p>\n<p data-start=\"147\" data-end=\"521\"><a class=\"fasc-button fasc-size-large fasc-type-flat fasc-ico-before dashicons-flag\" style=\"background-color: #33809e; color: #ffffff;\" href=\"https:\/\/gohrisch.de\/?page_id=240\">Ubytovny a kempy<\/a><\/p>\n<p data-start=\"147\" data-end=\"521\"><a class=\"fasc-button fasc-size-large fasc-type-flat ico-fa fasc-ico-before fa-group\" style=\"background-color: #33809e; color: #ffffff;\" href=\"https:\/\/gohrisch.de\/?page_id=244\">pr\u00e1zdninov\u00e9 byty<\/a><\/p>\n","protected":false},"excerpt":{"rendered":"<p>UBYTOV\u00c1N\u00cd A OBJEVOV\u00c1N\u00cd V\u00edtejte ve sv\u00e9m ubytov\u00e1n\u00ed uprost\u0159ed srdce na\u0161eho regionu! Pro\u017eijte nezapomenuteln\u00e9 dny, objevujte pam\u00e1tky, kulturu a p\u0159\u00edrodu \u2013 a zakon\u010dete ve\u010dery v p\u0159\u00edjemn\u00e9 atmosf\u00e9\u0159e. A\u0165 u\u017e se jedn\u00e1&hellip;<\/p>\n","protected":false},"author":1,"featured_media":116,"parent":0,"menu_order":0,"comment_status":"closed","ping_status":"closed","template":"","meta":{"_FSMCFIC_featured_image_caption":"","_FSMCFIC_featured_image_nocaption":"","_FSMCFIC_featured_image_hide":"","_mc_calendar":[],"footnotes":""},"class_list":["post-691","page","type-page","status-publish","has-post-thumbnail","hentry"],"_links":{"self":[{"href":"https:\/\/gohrisch.de\/index.php?rest_route=\/wp\/v2\/pages\/691","targetHints":{"allow":["GET"]}}],"collection":[{"href":"https:\/\/gohrisch.de\/index.php?rest_route=\/wp\/v2\/pages"}],"about":[{"href":"https:\/\/gohrisch.de\/index.php?rest_route=\/wp\/v2\/types\/page"}],"author":[{"embeddable":true,"href":"https:\/\/gohrisch.de\/index.php?rest_route=\/wp\/v2\/users\/1"}],"replies":[{"embeddable":true,"href":"https:\/\/gohrisch.de\/index.php?rest_route=%2Fwp%2Fv2%2Fcomments&post=691"}],"version-history":[{"count":4,"href":"https:\/\/gohrisch.de\/index.php?rest_route=\/wp\/v2\/pages\/691\/revisions"}],"predecessor-version":[{"id":1046,"href":"https:\/\/gohrisch.de\/index.php?rest_route=\/wp\/v2\/pages\/691\/revisions\/1046"}],"wp:featuredmedia":[{"embeddable":true,"href":"https:\/\/gohrisch.de\/index.php?rest_route=\/wp\/v2\/media\/116"}],"wp:attachment":[{"href":"https:\/\/gohrisch.de\/index.php?rest_route=%2Fwp%2Fv2%2Fmedia&parent=691"}],"curies":[{"name":"wp","href":"https:\/\/api.w.org\/{rel}","templated":true}]}}