{"id":710,"date":"2025-10-28T15:11:04","date_gmt":"2025-10-28T15:11:04","guid":{"rendered":"https:\/\/go.ar-plan.de\/?page_id=710"},"modified":"2026-02-19T12:28:11","modified_gmt":"2026-02-19T12:28:11","slug":"volny-cas-v-gohrischu","status":"publish","type":"page","link":"https:\/\/gohrisch.de\/?page_id=710&lang=cs","title":{"rendered":"Voln\u00fd \u010das v Gohrischu"},"content":{"rendered":"<p data-start=\"\u201e116\u201c\" data-end=\"\u201e441\u201c\">Gohrisch nab\u00edz\u00ed \u0161irokou \u0161k\u00e1lu volno\u010dasov\u00fdch aktivit \u2013 uprost\u0159ed p\u016fsobiv\u00e9 p\u0159\u00edrody <strong data-start=\"\u201a223\u2018\" data-end=\"\u201e246\u201c\">Sask\u00e9 \u0160v\u00fdcarsko<\/strong>. A\u0165 u\u017e se jedn\u00e1 o <strong data-start=\"\u201e256\u201c\" data-end=\"\u201e297\u201c\">turistiku na charakteristick\u00fdch stolov\u00fdch hor\u00e1ch<\/strong>, <strong data-start=\"\u201a304\u2018\" data-end=\"\u201e340\u201c\">cyklistiku idylick\u00fdmi \u00fadol\u00edmi<\/strong> nebo pohodln\u00e9 proch\u00e1zky po okoln\u00edch vesnic\u00edch \u2013 zde si ka\u017ed\u00fd najde tu spr\u00e1vnou aktivitu.<\/p>\n<p data-start=\"\u201e443\u201c\" data-end=\"\u201e724\u201c\">Nechyb\u00ed ani kulturn\u00ed a rodinn\u00e9 nab\u00eddky: muzea, akce, slavnosti a v\u00fdletn\u00ed c\u00edle v regionu l\u00e1kaj\u00ed k objevov\u00e1n\u00ed. Ti, kte\u0159\u00ed maj\u00ed r\u00e1di klidn\u011bj\u0161\u00ed tempo, si mohou u\u017e\u00edt odpo\u010dinek v l\u00e1ze\u0148sk\u00fdch a wellness za\u0159\u00edzen\u00edch nebo zakon\u010dit den v n\u011bkter\u00e9 z region\u00e1ln\u00edch restaurac\u00ed.<\/p>\n<p data-start=\"\u201e726\u201c\" data-end=\"\u201e873\u201c\">Gohrisch spojuje aktivn\u00ed odpo\u010dinek, z\u00e1\u017eitky v p\u0159\u00edrod\u011b a pohostinnost \u2013 ide\u00e1ln\u00ed pro v\u0161echny, kte\u0159\u00ed cht\u011bj\u00ed tr\u00e1vit sv\u016fj voln\u00fd \u010das pest\u0159e.<\/p>\n","protected":false},"excerpt":{"rendered":"<p>Gohrisch nab\u00edz\u00ed \u0161irokou \u0161k\u00e1lu volno\u010dasov\u00fdch aktivit \u2013 uprost\u0159ed p\u016fsobiv\u00e9 p\u0159\u00edrody Sask\u00e9 \u0160v\u00fdcarsko. A\u0165 u\u017e se jedn\u00e1 o turistiku na charakteristick\u00fdch stolov\u00fdch hor\u00e1ch, cyklistiku idylick\u00fdmi \u00fadol\u00edmi nebo pohodln\u00e9 proch\u00e1zky po okoln\u00edch&hellip;<\/p>\n","protected":false},"author":1,"featured_media":1102,"parent":0,"menu_order":0,"comment_status":"closed","ping_status":"closed","template":"","meta":{"_FSMCFIC_featured_image_caption":"","_FSMCFIC_featured_image_nocaption":"","_FSMCFIC_featured_image_hide":"","_mc_calendar":[],"footnotes":""},"class_list":["post-710","page","type-page","status-publish","has-post-thumbnail","hentry"],"_links":{"self":[{"href":"https:\/\/gohrisch.de\/index.php?rest_route=\/wp\/v2\/pages\/710","targetHints":{"allow":["GET"]}}],"collection":[{"href":"https:\/\/gohrisch.de\/index.php?rest_route=\/wp\/v2\/pages"}],"about":[{"href":"https:\/\/gohrisch.de\/index.php?rest_route=\/wp\/v2\/types\/page"}],"author":[{"embeddable":true,"href":"https:\/\/gohrisch.de\/index.php?rest_route=\/wp\/v2\/users\/1"}],"replies":[{"embeddable":true,"href":"https:\/\/gohrisch.de\/index.php?rest_route=%2Fwp%2Fv2%2Fcomments&post=710"}],"version-history":[{"count":1,"href":"https:\/\/gohrisch.de\/index.php?rest_route=\/wp\/v2\/pages\/710\/revisions"}],"predecessor-version":[{"id":712,"href":"https:\/\/gohrisch.de\/index.php?rest_route=\/wp\/v2\/pages\/710\/revisions\/712"}],"wp:featuredmedia":[{"embeddable":true,"href":"https:\/\/gohrisch.de\/index.php?rest_route=\/wp\/v2\/media\/1102"}],"wp:attachment":[{"href":"https:\/\/gohrisch.de\/index.php?rest_route=%2Fwp%2Fv2%2Fmedia&parent=710"}],"curies":[{"name":"wp","href":"https:\/\/api.w.org\/{rel}","templated":true}]}}

Volný čas v Gohrischu

<p data-start="„116“" data-end="„441“">Gohrisch nabízí širokou škálu volnočasových aktivit – uprostřed působivé přírody <strong data-start="‚223‘" data-end="„246“">Saské Švýcarsko</strong>. Ať už se jedná o <strong data-start="„256“" data-end="„297“">turistiku na charakteristických stolových horách</strong>, <strong data-start="‚304‘" data-end="„340“">cyklistiku idylickými údolími</strong> nebo pohodlné procházky po okolních vesnicích – zde si každý najde tu správnou aktivitu.</p>
<p data-start="„443“" data-end="„724“">Nechybí ani kulturní a rodinné nabídky: muzea, akce, slavnosti a výletní cíle v regionu lákají k objevování. Ti, kteří mají rádi klidnější tempo, si mohou užít odpočinek v lázeňských a wellness zařízeních nebo zakončit den v některé z regionálních restaurací.</p>
<p data-start="„726“" data-end="„873“">Gohrisch spojuje aktivní odpočinek, zážitky v přírodě a pohostinnost – ideální pro všechny, kteří chtějí trávit svůj volný čas pestře.</p>

<p>Gohrisch nabízí širokou škálu volnočasových aktivit – uprostřed působivé přírody Saské Švýcarsko. Ať už se jedná o turistiku na charakteristických stolových horách, cyklistiku idylickými údolími nebo pohodlné procházky po okolních&hellip;</p>
