{"id":716,"date":"2025-10-28T15:16:31","date_gmt":"2025-10-28T15:16:31","guid":{"rendered":"https:\/\/go.ar-plan.de\/?page_id=716"},"modified":"2025-10-28T15:16:31","modified_gmt":"2025-10-28T15:16:31","slug":"turisticke-informace-gohrisch","status":"publish","type":"page","link":"https:\/\/gohrisch.de\/?page_id=716&lang=cs","title":{"rendered":"Turistick\u00e9 informace Gohrisch"},"content":{"rendered":"<p data-start=\"\u201e122\u201c\" data-end=\"\u201e424\u201c\">V\u00edtejte v <strong data-start=\"\u201a140\u2018\" data-end=\"\u201e171\u201c\">turistick\u00fdch informac\u00edch Gohrisch<\/strong> \u2013 va\u0161em prvn\u00edm kontaktn\u00edm m\u00edst\u011b pro nezapomenuteln\u00fd pobyt v srdci Sask\u00e9ho \u0160v\u00fdcarska. Gohrisch, zasazen\u00fd mezi v\u00fdrazn\u00fdmi stolov\u00fdmi horami a malebn\u00fdmi lesy, je m\u00edstem, kter\u00e9 zvl\u00e1\u0161tn\u00edm zp\u016fsobem spojuje p\u0159\u00edrodu, odpo\u010dinek a kulturu. N\u00e1\u0161 t\u00fdm v\u00e1m r\u00e1d pom\u016f\u017ee se v\u0161emi dotazy t\u00fdkaj\u00edc\u00edmi se t\u00far, v\u00fdlet\u016f, akc\u00ed a ubytov\u00e1n\u00ed. A\u0165 u\u017e jde o tipy na nejkr\u00e1sn\u011bj\u0161\u00ed trasy, doporu\u010den\u00ed ohledn\u011b gastronomie a nakupov\u00e1n\u00ed nebo aktu\u00e1ln\u00ed informace o volno\u010dasov\u00fdch aktivit\u00e1ch \u2013 zde z\u00edsk\u00e1te v\u0161e z jedn\u00e9 ruky. Objevte Gohrisch jako st\u00e1tem uzn\u00e1van\u00e9 rekrea\u010dn\u00ed st\u0159edisko s tradic\u00ed, pohostinnost\u00ed a jedine\u010dnou p\u0159\u00edrodou. T\u011b\u0161\u00edme se, \u017ee v\u00e1m pom\u016f\u017eeme s pl\u00e1nov\u00e1n\u00edm dovolen\u00e9 a ud\u011bl\u00e1me v\u00e1\u0161 pobyt nezapomenuteln\u00fdm.<\/p>\n<p><strong>Turistick\u00e9 informace Gohrisch<\/strong><br \/>\nBudova obecn\u00edho \u00fa\u0159adu Gohrisch<br \/>\nNeue Hauptstra\u00dfe 116b<br \/>\n01824 Kurort Gohrisch<br \/>\nTelefon:<br \/>\nFax: 03 50 21 \/ 6 61 66<br \/>\n03 50 21 \/ 6 61 55<br \/>\nE-mail: <a href=\"mailto:tourist-info@gohrisch.de\">tourist-info@gohrisch.de<\/a><\/p>\n","protected":false},"excerpt":{"rendered":"<p>V\u00edtejte v turistick\u00fdch informac\u00edch Gohrisch \u2013 va\u0161em prvn\u00edm kontaktn\u00edm m\u00edst\u011b pro nezapomenuteln\u00fd pobyt v srdci Sask\u00e9ho \u0160v\u00fdcarska. Gohrisch, zasazen\u00fd mezi v\u00fdrazn\u00fdmi stolov\u00fdmi horami a malebn\u00fdmi lesy, je m\u00edstem, kter\u00e9 zvl\u00e1\u0161tn\u00edm&hellip;<\/p>\n","protected":false},"author":1,"featured_media":151,"parent":691,"menu_order":0,"comment_status":"closed","ping_status":"closed","template":"","meta":{"_FSMCFIC_featured_image_caption":"","_FSMCFIC_featured_image_nocaption":"","_FSMCFIC_featured_image_hide":"","_mc_calendar":[],"footnotes":""},"class_list":["post-716","page","type-page","status-publish","has-post-thumbnail","hentry"],"_links":{"self":[{"href":"https:\/\/gohrisch.de\/index.php?rest_route=\/wp\/v2\/pages\/716","targetHints":{"allow":["GET"]}}],"collection":[{"href":"https:\/\/gohrisch.de\/index.php?rest_route=\/wp\/v2\/pages"}],"about":[{"href":"https:\/\/gohrisch.de\/index.php?rest_route=\/wp\/v2\/types\/page"}],"author":[{"embeddable":true,"href":"https:\/\/gohrisch.de\/index.php?rest_route=\/wp\/v2\/users\/1"}],"replies":[{"embeddable":true,"href":"https:\/\/gohrisch.de\/index.php?rest_route=%2Fwp%2Fv2%2Fcomments&post=716"}],"version-history":[{"count":1,"href":"https:\/\/gohrisch.de\/index.php?rest_route=\/wp\/v2\/pages\/716\/revisions"}],"predecessor-version":[{"id":717,"href":"https:\/\/gohrisch.de\/index.php?rest_route=\/wp\/v2\/pages\/716\/revisions\/717"}],"up":[{"embeddable":true,"href":"https:\/\/gohrisch.de\/index.php?rest_route=\/wp\/v2\/pages\/691"}],"wp:featuredmedia":[{"embeddable":true,"href":"https:\/\/gohrisch.de\/index.php?rest_route=\/wp\/v2\/media\/151"}],"wp:attachment":[{"href":"https:\/\/gohrisch.de\/index.php?rest_route=%2Fwp%2Fv2%2Fmedia&parent=716"}],"curies":[{"name":"wp","href":"https:\/\/api.w.org\/{rel}","templated":true}]}}

Turistické informace Gohrisch

<p data-start="„122“" data-end="„424“">Vítejte v <strong data-start="‚140‘" data-end="„171“">turistických informacích Gohrisch</strong> – vašem prvním kontaktním místě pro nezapomenutelný pobyt v srdci Saského Švýcarska. Gohrisch, zasazený mezi výraznými stolovými horami a malebnými lesy, je místem, které zvláštním způsobem spojuje přírodu, odpočinek a kulturu. Náš tým vám rád pomůže se všemi dotazy týkajícími se túr, výletů, akcí a ubytování. Ať už jde o tipy na nejkrásnější trasy, doporučení ohledně gastronomie a nakupování nebo aktuální informace o volnočasových aktivitách – zde získáte vše z jedné ruky. Objevte Gohrisch jako státem uznávané rekreační středisko s tradicí, pohostinností a jedinečnou přírodou. Těšíme se, že vám pomůžeme s plánováním dovolené a uděláme váš pobyt nezapomenutelným.</p>
<p><strong>Turistické informace Gohrisch</strong><br />
Budova obecního úřadu Gohrisch<br />
Neue Hauptstraße 116b<br />
01824 Kurort Gohrisch<br />
Telefon:<br />
Fax: 03 50 21 / 6 61 66<br />
03 50 21 / 6 61 55<br />
E-mail: <a href="mailto:tourist-info@gohrisch.de">tourist-info@gohrisch.de</a></p>

<p>Vítejte v turistických informacích Gohrisch – vašem prvním kontaktním místě pro nezapomenutelný pobyt v srdci Saského Švýcarska. Gohrisch, zasazený mezi výraznými stolovými horami a malebnými lesy, je místem, které zvláštním&hellip;</p>
