{"id":734,"date":"2025-10-28T15:25:46","date_gmt":"2025-10-28T15:25:46","guid":{"rendered":"https:\/\/go.ar-plan.de\/?page_id=734"},"modified":"2025-10-28T15:25:46","modified_gmt":"2025-10-28T15:25:46","slug":"pamatky-a-priroda","status":"publish","type":"page","link":"https:\/\/gohrisch.de\/?page_id=734&lang=cs","title":{"rendered":"Pam\u00e1tky a p\u0159\u00edroda"},"content":{"rendered":"<p>Gohrisch le\u017e\u00ed uprost\u0159ed jedn\u00e9 z nejkr\u00e1sn\u011bj\u0161\u00edch krajin N\u011bmecka \u2013 v <strong data-start=\"\u201e76\u201c\" data-end=\"\u201e111\u201c\">n\u00e1rodn\u00edm parku Sask\u00e1 \u0160v\u00fdcarsko<\/strong> (Sasko), kter\u00fd je sou\u010d\u00e1st\u00ed <strong data-start=\"\u201a136\u2018\" data-end=\"\u201e160\u201c\">Elbsk\u00fdch p\u00edskovcov\u00fdch hor<\/strong>. Gohrisch je st\u00e1tem uzn\u00e1van\u00e9 <strong data-start=\"\u201e1903\u201c\" data-end=\"\u201e1917\u201c\">klimatick\u00e9 letovisko<\/strong> \u2013 klidn\u00e9, mal\u00e9, s l\u00e1ze\u0148sk\u00fdm parkem, historick\u00fdmi vilami a spoustou p\u0159\u00edrody. Zachovalo si sv\u016fj p\u016fvodn\u00ed \u0161arm a je pova\u017eov\u00e1no za jedno z klidn\u011bj\u0161\u00edch m\u00edst Sask\u00e9ho \u0160v\u00fdcarska (na rozd\u00edl od turisticky p\u0159et\u00ed\u017een\u00fdch oblast\u00ed Bastei).<\/p>\n<p>Gohrisch je ide\u00e1ln\u00edm v\u00fdchoz\u00edm bodem pro turisty.<br \/>\nObl\u00edben\u00e9 trasy:<\/p>\n<p>&#8211; Gohrischstein (448 m) \u2013 kr\u00e1tk\u00fd, ale strm\u00fd v\u00fdstup s fantastick\u00fdm v\u00fdhledem.<br \/>\n&#8211; Papststein (451 m) \u2013 s horskou restaurac\u00ed a v\u00fdhledem a\u017e k pevnosti K\u00f6nigstein.<br \/>\n&#8211; Pfaffenstein &amp; Barbarine \u2013 impozantn\u00ed sk\u00e1la s v\u00fdrazn\u00fdm kamenn\u00fdm sloupem.<br \/>\n&#8211; Lilienstein \u2013 symbol Sask\u00e9ho \u0160v\u00fdcarska, dob\u0159e viditeln\u00fd z Labe.<br \/>\n&#8211; Malerweg \u2013 jedna z nejzn\u00e1m\u011bj\u0161\u00edch d\u00e1lkov\u00fdch turistick\u00fdch tras v N\u011bmecku (proch\u00e1z\u00ed Gohrischem).<\/p>\n<p>&nbsp;<\/p>\n","protected":false},"excerpt":{"rendered":"<p>Gohrisch le\u017e\u00ed uprost\u0159ed jedn\u00e9 z nejkr\u00e1sn\u011bj\u0161\u00edch krajin N\u011bmecka \u2013 v n\u00e1rodn\u00edm parku Sask\u00e1 \u0160v\u00fdcarsko (Sasko), kter\u00fd je sou\u010d\u00e1st\u00ed Elbsk\u00fdch p\u00edskovcov\u00fdch hor. Gohrisch je st\u00e1tem uzn\u00e1van\u00e9 klimatick\u00e9 letovisko \u2013 klidn\u00e9, mal\u00e9,&hellip;<\/p>\n","protected":false},"author":1,"featured_media":77,"parent":0,"menu_order":0,"comment_status":"closed","ping_status":"closed","template":"","meta":{"_FSMCFIC_featured_image_caption":"","_FSMCFIC_featured_image_nocaption":"","_FSMCFIC_featured_image_hide":"","_mc_calendar":[],"footnotes":""},"class_list":["post-734","page","type-page","status-publish","has-post-thumbnail","hentry"],"_links":{"self":[{"href":"https:\/\/gohrisch.de\/index.php?rest_route=\/wp\/v2\/pages\/734","targetHints":{"allow":["GET"]}}],"collection":[{"href":"https:\/\/gohrisch.de\/index.php?rest_route=\/wp\/v2\/pages"}],"about":[{"href":"https:\/\/gohrisch.de\/index.php?rest_route=\/wp\/v2\/types\/page"}],"author":[{"embeddable":true,"href":"https:\/\/gohrisch.de\/index.php?rest_route=\/wp\/v2\/users\/1"}],"replies":[{"embeddable":true,"href":"https:\/\/gohrisch.de\/index.php?rest_route=%2Fwp%2Fv2%2Fcomments&post=734"}],"version-history":[{"count":1,"href":"https:\/\/gohrisch.de\/index.php?rest_route=\/wp\/v2\/pages\/734\/revisions"}],"predecessor-version":[{"id":736,"href":"https:\/\/gohrisch.de\/index.php?rest_route=\/wp\/v2\/pages\/734\/revisions\/736"}],"wp:featuredmedia":[{"embeddable":true,"href":"https:\/\/gohrisch.de\/index.php?rest_route=\/wp\/v2\/media\/77"}],"wp:attachment":[{"href":"https:\/\/gohrisch.de\/index.php?rest_route=%2Fwp%2Fv2%2Fmedia&parent=734"}],"curies":[{"name":"wp","href":"https:\/\/api.w.org\/{rel}","templated":true}]}}

Památky a příroda

<p>Gohrisch leží uprostřed jedné z nejkrásnějších krajin Německa – v <strong data-start="„76“" data-end="„111“">národním parku Saská Švýcarsko</strong> (Sasko), který je součástí <strong data-start="‚136‘" data-end="„160“">Elbských pískovcových hor</strong>. Gohrisch je státem uznávané <strong data-start="„1903“" data-end="„1917“">klimatické letovisko</strong> – klidné, malé, s lázeňským parkem, historickými vilami a spoustou přírody. Zachovalo si svůj původní šarm a je považováno za jedno z klidnějších míst Saského Švýcarska (na rozdíl od turisticky přetížených oblastí Bastei).</p>
<p>Gohrisch je ideálním výchozím bodem pro turisty.<br />
Oblíbené trasy:</p>
<p>&#8211; Gohrischstein (448 m) – krátký, ale strmý výstup s fantastickým výhledem.<br />
&#8211; Papststein (451 m) – s horskou restaurací a výhledem až k pevnosti Königstein.<br />
&#8211; Pfaffenstein &amp; Barbarine – impozantní skála s výrazným kamenným sloupem.<br />
&#8211; Lilienstein – symbol Saského Švýcarska, dobře viditelný z Labe.<br />
&#8211; Malerweg – jedna z nejznámějších dálkových turistických tras v Německu (prochází Gohrischem).</p>
<p>&nbsp;</p>

<p>Gohrisch leží uprostřed jedné z nejkrásnějších krajin Německa – v národním parku Saská Švýcarsko (Sasko), který je součástí Elbských pískovcových hor. Gohrisch je státem uznávané klimatické letovisko – klidné, malé,&hellip;</p>
