{"id":741,"date":"2025-10-28T15:28:27","date_gmt":"2025-10-28T15:28:27","guid":{"rendered":"https:\/\/go.ar-plan.de\/?page_id=741"},"modified":"2026-03-09T12:31:50","modified_gmt":"2026-03-09T12:31:50","slug":"sostakovic","status":"publish","type":"page","link":"https:\/\/gohrisch.de\/?page_id=741&lang=cs","title":{"rendered":"\u0160ostakovi\u010d"},"content":{"rendered":"<h2 data-start=\"\u201e110\u201c\" data-end=\"\u201e159\u201c\">Mezin\u00e1rodn\u00ed \u0160ostakovi\u010dovy dny v Gohrischi<\/h2>\n<p data-start=\"\u201a160\u2018\" data-end=\"\u201e595\u201c\">Gohrisch nen\u00ed jen idylick\u00e9 l\u00e1ze\u0148sk\u00e9 m\u011bste\u010dko v Sask\u00e9m \u0160v\u00fdcarsku, ale tak\u00e9 m\u00edsto s mezin\u00e1rodn\u00ed hudebn\u00ed histori\u00ed. Zde Dmitrij \u0160ostakovi\u010d v roce 1960 slo\u017eil sv\u00e9 slavn\u00e9 8. smy\u010dcov\u00e9 kvarteto \u2013 jedin\u00e9 d\u00edlo, kter\u00e9 kdy napsal mimo Sov\u011btsk\u00fd svaz. Z tohoto zvl\u00e1\u0161tn\u00edho spojen\u00ed vze\u0161el v roce 2010 jedine\u010dn\u00fd festival, kter\u00fd od t\u00e9 doby ka\u017edoro\u010dn\u011b p\u0159itahuje hudebn\u00edky a hosty z cel\u00e9ho sv\u011bta.<\/p>\n<p data-start=\"\u201e597\u201c\" data-end=\"\u201e944\u201c\"><a href=\"https:\/\/www.schostakowitsch-tage.de\/\">Mezin\u00e1rodn\u00ed \u0160ostakovi\u010dovy dny v Gohrisch<\/a>i jsou dnes jedin\u00fdm festivalem na sv\u011bt\u011b, kter\u00fd je v t\u00e9to podob\u011b v\u011bnov\u00e1n tomuto velk\u00e9mu skladateli. V jedine\u010dn\u00e9 atmosf\u00e9\u0159e koncertn\u00ed stodoly v Gohrischu mohou n\u00e1v\u0161t\u011bvn\u00edci za\u017e\u00edt v\u00fdjime\u010dn\u00e9 koncerty, vystoupen\u00ed \u0161pi\u010dkov\u00fdch um\u011blc\u016f a nezapomenuteln\u00e9 setk\u00e1n\u00ed hudby, historie a krajiny.<\/p>\n","protected":false},"excerpt":{"rendered":"<p>Mezin\u00e1rodn\u00ed \u0160ostakovi\u010dovy dny v Gohrischi Gohrisch nen\u00ed jen idylick\u00e9 l\u00e1ze\u0148sk\u00e9 m\u011bste\u010dko v Sask\u00e9m \u0160v\u00fdcarsku, ale tak\u00e9 m\u00edsto s mezin\u00e1rodn\u00ed hudebn\u00ed histori\u00ed. Zde Dmitrij \u0160ostakovi\u010d v roce 1960 slo\u017eil sv\u00e9 slavn\u00e9&hellip;<\/p>\n","protected":false},"author":1,"featured_media":0,"parent":0,"menu_order":0,"comment_status":"closed","ping_status":"closed","template":"","meta":{"_FSMCFIC_featured_image_caption":"","_FSMCFIC_featured_image_nocaption":"","_FSMCFIC_featured_image_hide":"","_mc_calendar":[],"footnotes":""},"class_list":["post-741","page","type-page","status-publish","hentry"],"_links":{"self":[{"href":"https:\/\/gohrisch.de\/index.php?rest_route=\/wp\/v2\/pages\/741","targetHints":{"allow":["GET"]}}],"collection":[{"href":"https:\/\/gohrisch.de\/index.php?rest_route=\/wp\/v2\/pages"}],"about":[{"href":"https:\/\/gohrisch.de\/index.php?rest_route=\/wp\/v2\/types\/page"}],"author":[{"embeddable":true,"href":"https:\/\/gohrisch.de\/index.php?rest_route=\/wp\/v2\/users\/1"}],"replies":[{"embeddable":true,"href":"https:\/\/gohrisch.de\/index.php?rest_route=%2Fwp%2Fv2%2Fcomments&post=741"}],"version-history":[{"count":2,"href":"https:\/\/gohrisch.de\/index.php?rest_route=\/wp\/v2\/pages\/741\/revisions"}],"predecessor-version":[{"id":1314,"href":"https:\/\/gohrisch.de\/index.php?rest_route=\/wp\/v2\/pages\/741\/revisions\/1314"}],"wp:attachment":[{"href":"https:\/\/gohrisch.de\/index.php?rest_route=%2Fwp%2Fv2%2Fmedia&parent=741"}],"curies":[{"name":"wp","href":"https:\/\/api.w.org\/{rel}","templated":true}]}}

Šostakovič

<h2 data-start="„110“" data-end="„159“">Mezinárodní Šostakovičovy dny v Gohrischi</h2>
<p data-start="‚160‘" data-end="„595“">Gohrisch není jen idylické lázeňské městečko v Saském Švýcarsku, ale také místo s mezinárodní hudební historií. Zde Dmitrij Šostakovič v roce 1960 složil své slavné 8. smyčcové kvarteto – jediné dílo, které kdy napsal mimo Sovětský svaz. Z tohoto zvláštního spojení vzešel v roce 2010 jedinečný festival, který od té doby každoročně přitahuje hudebníky a hosty z celého světa.</p>
<p data-start="„597“" data-end="„944“"><a href="https://www.schostakowitsch-tage.de/">Mezinárodní Šostakovičovy dny v Gohrisch</a>i jsou dnes jediným festivalem na světě, který je v této podobě věnován tomuto velkému skladateli. V jedinečné atmosféře koncertní stodoly v Gohrischu mohou návštěvníci zažít výjimečné koncerty, vystoupení špičkových umělců a nezapomenutelné setkání hudby, historie a krajiny.</p>

<p>Mezinárodní Šostakovičovy dny v Gohrischi Gohrisch není jen idylické lázeňské městečko v Saském Švýcarsku, ale také místo s mezinárodní hudební historií. Zde Dmitrij Šostakovič v roce 1960 složil své slavné&hellip;</p>
