{"id":762,"date":"2025-10-28T15:55:27","date_gmt":"2025-10-28T15:55:27","guid":{"rendered":"https:\/\/go.ar-plan.de\/?page_id=762"},"modified":"2026-03-05T10:36:28","modified_gmt":"2026-03-05T10:36:28","slug":"cyklisticke-vylety","status":"publish","type":"page","link":"https:\/\/gohrisch.de\/?page_id=762&lang=cs","title":{"rendered":"cyklistick\u00e9 v\u00fdlety"},"content":{"rendered":"<p><img loading=\"lazy\" decoding=\"async\" title=\"Trasa cyklostezky pod\u00e9l Labe p\u0159es Sask\u00e9 \u0160v\u00fdcarsko\" src=\"https:\/\/www.gohrisch.de\/tourismus\/bilder\/elberadweg.jpg?m=1567435712&amp;\" alt=\"\u201eTrasa\" width=\"250\" height=\"602\" align=\"right\" border=\"0\" hspace=\"10\" vspace=\"5\" \/><\/p>\n<p>Vzhledem k topografii erozn\u00edho poho\u0159\u00ed jsou n\u011bkter\u00e9 \u00faseky <span style=\"font-size: 12pt;\">velmi n\u00e1ro\u010dn\u00e9. N\u00ed\u017ee uveden\u00e9 trasy lze samoz\u0159ejm\u011b zah\u00e1jit, zkr\u00e1tit nebo kombinovat i v jin\u00fdch \u010d\u00e1stech obce. Charakter cest je r\u016fzn\u00fd a sah\u00e1 od \u0161t\u011brkov\u00fdch povrch\u016f a\u017e po \u00faseky ve\u0159ejn\u00fdch silnic. P\u0159i v\u00fdb\u011bru byly vynech\u00e1ny siln\u011b frekventovan\u00e9 silnice. Je nutn\u00e9 m\u00edt k dispozici dobr\u00e9 mapov\u00e9 podklady s vrstevnicemi. Doporu\u010den\u00ed: detailn\u00ed mapy kartografick\u00e9ho vydavatelstv\u00ed Rolf B\u00f6hm, Bad Schandau nebo KOMPASS Wander-und Radtourenkarte S\u00e4chsische Schweiz. <\/span> <span style=\"font-size: 12pt;\">Dal\u0161\u00edm doporu\u010den\u00edm je <a href=\"http:\/\/www.bergverlag-roelke.de\/\" target=\"_blank\" rel=\"noopener\">\u201eWander- und Naturf\u00fchrer S\u00e4chsische Schweiz Band 2\u201c (ISBN 3-934514-09-X)<\/a>. <\/span><\/p>\n<h4><\/h4>\n<h4>Cyklostezka pod\u00e9l Labe<\/h4>\n<p>(let\u00e1k k dispozici na <a href=\"http:\/\/www.elberadweg.de\/\" target=\"_blank\" rel=\"noopener\">www.elberadweg.de<\/a>)<\/p>\n<p>Cyklostezka pod\u00e9l Labe m\u00e1 od st\u00e1tn\u00ed hranice u Sch\u00f6ny po hranici okresu u Heidenau d\u00e9lku 40 km s minim\u00e1ln\u00edmi v\u00fd\u0161kov\u00fdmi rozd\u00edly. Krajin\u00e1\u0159sky nejatraktivn\u011bj\u0161\u00ed \u00faseky jsou Sch\u00f6na \u2013 Bad Schandau a K\u00f6nigstein \u2013 Pirna. Pro zp\u00e1te\u010dn\u00ed cestu v\u00fdslovn\u011b doporu\u010dujeme vyu\u017e\u00edt m\u011bstskou \u017eeleznici. Na kole lze prozkoumat i p\u0159eshrani\u010dn\u00ed \u010ceskou \u0160v\u00fdcarsko. Kohlbornstein-Tour (15 km) L\u00e1zn\u011b Gohrisch \u2013 Pfaffendorfer Str. \u2013 K\u00f6nigsweg \u2013 Kohlweg \u2013 Cunnersdorf \u2013 Querweg \u2013 v\u00fdstup na Kohlbornstein (odstaven\u00ed kol) \u2013 Papstdorf (Ghs.) &#8211; Kleinhennersdorf- Gunstweg- Kleinhennersdorfer Steig- Allee- Suppelsgrund- l\u00e1ze\u0148sk\u00e9 m\u011bsto Gohrisch<\/p>\n<h4>Cunnersdorfer \u201eWasserrunde\u201c (21 km)<\/h4>\n<p>Papstdorf- Querweg- Lange F\u00fcnf- Taubenteich- Taubenbach- Cunnersdorfer Bach- Freibad Cunnersdorf (Ghs.) &#8211; Papstdorf<\/p>\n<h4>Okruh Bielatal (25 km)<\/h4>\n<p>Cunnersdorf- Cunnersdf. Bach- Fuchsbach- Fuchsteich-hrani\u010dn\u00ed p\u0159echod- Steinbornweg- D\u00fcrrebielegrund- Ottom\u00fchle (ob\u010derstven\u00ed)- Schweizerm\u00fchle- Reichstein- Cunnersdf. Str. Lampertsstr.- Cunnersdorf<\/p>\n<h4>Okruh Kaiserkronen (37 km)<\/h4>\n<p>Cunnersdorf \u2013 Forstm\u00fchle \u2013 Kleingie\u00dfh\u00fcbel \u2013 Wiesenweg \u2013 Marktweg \u2013 Reuterhof \u2013 (varianta: Waldbad Sch\u00f6na) Ort Sch\u00f6na (Ghs.) &#8211; Kaiserkrone (odstaven\u00ed kol) &#8211; Bahnhofstra\u00dfe-Elbradweg &#8211; Bad Schandau &#8211; p\u0159ekro\u010den\u00ed Labe (most) &#8211; Prossen &#8211; Halbestadt (p\u0159eprava do K\u00f6nigsteinu) &#8211; Talstra\u00dfe do Cunnersdorfu<\/p>\n<h4>Okruh Schneeberg (55 km)<\/h4>\n<p>Cunnersdorf (260 m n. m.) &#8211; Fuchsteich- hrani\u010dn\u00ed p\u0159echod Rosenthal- (CR) Schneeberg (722 m n. m. AT, Ghs.)- Maxdorf (Maxicky)- Bodenbach (Podmokly) (120 m n. m. !) &#8211; Elbradweg- Sch\u00f6na- (varianta: S-Bahn do K\u00f6nigsteinu)- Bad Schandau- Rietzschgrund- Gohrisch- Cunnersdorf Trasa je velmi n\u00e1ro\u010dn\u00e1, ale zaj\u00edmav\u00e1, z Maxdorfu do Bad Schandau pouze z kopce (opa\u010dn\u00fd sm\u011br se nedoporu\u010duje), nutn\u00fd pr\u016fkaz toto\u017enosti<\/p>\n","protected":false},"excerpt":{"rendered":"<p>Vzhledem k topografii erozn\u00edho poho\u0159\u00ed jsou n\u011bkter\u00e9 \u00faseky velmi n\u00e1ro\u010dn\u00e9. N\u00ed\u017ee uveden\u00e9 trasy lze samoz\u0159ejm\u011b zah\u00e1jit, zkr\u00e1tit nebo kombinovat i v jin\u00fdch \u010d\u00e1stech obce. Charakter cest je r\u016fzn\u00fd a sah\u00e1&hellip;<\/p>\n","protected":false},"author":1,"featured_media":781,"parent":691,"menu_order":0,"comment_status":"closed","ping_status":"closed","template":"","meta":{"_FSMCFIC_featured_image_caption":"","_FSMCFIC_featured_image_nocaption":"","_FSMCFIC_featured_image_hide":"","_mc_calendar":[],"footnotes":""},"class_list":["post-762","page","type-page","status-publish","has-post-thumbnail","hentry"],"_links":{"self":[{"href":"https:\/\/gohrisch.de\/index.php?rest_route=\/wp\/v2\/pages\/762","targetHints":{"allow":["GET"]}}],"collection":[{"href":"https:\/\/gohrisch.de\/index.php?rest_route=\/wp\/v2\/pages"}],"about":[{"href":"https:\/\/gohrisch.de\/index.php?rest_route=\/wp\/v2\/types\/page"}],"author":[{"embeddable":true,"href":"https:\/\/gohrisch.de\/index.php?rest_route=\/wp\/v2\/users\/1"}],"replies":[{"embeddable":true,"href":"https:\/\/gohrisch.de\/index.php?rest_route=%2Fwp%2Fv2%2Fcomments&post=762"}],"version-history":[{"count":4,"href":"https:\/\/gohrisch.de\/index.php?rest_route=\/wp\/v2\/pages\/762\/revisions"}],"predecessor-version":[{"id":766,"href":"https:\/\/gohrisch.de\/index.php?rest_route=\/wp\/v2\/pages\/762\/revisions\/766"}],"up":[{"embeddable":true,"href":"https:\/\/gohrisch.de\/index.php?rest_route=\/wp\/v2\/pages\/691"}],"wp:featuredmedia":[{"embeddable":true,"href":"https:\/\/gohrisch.de\/index.php?rest_route=\/wp\/v2\/media\/781"}],"wp:attachment":[{"href":"https:\/\/gohrisch.de\/index.php?rest_route=%2Fwp%2Fv2%2Fmedia&parent=762"}],"curies":[{"name":"wp","href":"https:\/\/api.w.org\/{rel}","templated":true}]}}

cyklistické výlety

<p><img loading="lazy" decoding="async" title="Trasa cyklostezky podél Labe přes Saské Švýcarsko" src="https://www.gohrisch.de/tourismus/bilder/elberadweg.jpg?m=1567435712&amp;" alt="„Trasa" width="250" height="602" align="right" border="0" hspace="10" vspace="5" /></p>
<p>Vzhledem k topografii erozního pohoří jsou některé úseky <span style="font-size: 12pt;">velmi náročné. Níže uvedené trasy lze samozřejmě zahájit, zkrátit nebo kombinovat i v jiných částech obce. Charakter cest je různý a sahá od štěrkových povrchů až po úseky veřejných silnic. Při výběru byly vynechány silně frekventované silnice. Je nutné mít k dispozici dobré mapové podklady s vrstevnicemi. Doporučení: detailní mapy kartografického vydavatelství Rolf Böhm, Bad Schandau nebo KOMPASS Wander-und Radtourenkarte Sächsische Schweiz. </span> <span style="font-size: 12pt;">Dalším doporučením je <a href="http://www.bergverlag-roelke.de/" target="_blank" rel="noopener">„Wander- und Naturführer Sächsische Schweiz Band 2“ (ISBN 3-934514-09-X)</a>. </span></p>
<h4></h4>
<h4>Cyklostezka podél Labe</h4>
<p>(leták k dispozici na <a href="http://www.elberadweg.de/" target="_blank" rel="noopener">www.elberadweg.de</a>)</p>
<p>Cyklostezka podél Labe má od státní hranice u Schöny po hranici okresu u Heidenau délku 40 km s minimálními výškovými rozdíly. Krajinářsky nejatraktivnější úseky jsou Schöna – Bad Schandau a Königstein – Pirna. Pro zpáteční cestu výslovně doporučujeme využít městskou železnici. Na kole lze prozkoumat i přeshraniční Českou Švýcarsko. Kohlbornstein-Tour (15 km) Lázně Gohrisch – Pfaffendorfer Str. – Königsweg – Kohlweg – Cunnersdorf – Querweg – výstup na Kohlbornstein (odstavení kol) – Papstdorf (Ghs.) &#8211; Kleinhennersdorf- Gunstweg- Kleinhennersdorfer Steig- Allee- Suppelsgrund- lázeňské město Gohrisch</p>
<h4>Cunnersdorfer „Wasserrunde“ (21 km)</h4>
<p>Papstdorf- Querweg- Lange Fünf- Taubenteich- Taubenbach- Cunnersdorfer Bach- Freibad Cunnersdorf (Ghs.) &#8211; Papstdorf</p>
<h4>Okruh Bielatal (25 km)</h4>
<p>Cunnersdorf- Cunnersdf. Bach- Fuchsbach- Fuchsteich-hraniční přechod- Steinbornweg- Dürrebielegrund- Ottomühle (občerstvení)- Schweizermühle- Reichstein- Cunnersdf. Str. Lampertsstr.- Cunnersdorf</p>
<h4>Okruh Kaiserkronen (37 km)</h4>
<p>Cunnersdorf – Forstmühle – Kleingießhübel – Wiesenweg – Marktweg – Reuterhof – (varianta: Waldbad Schöna) Ort Schöna (Ghs.) &#8211; Kaiserkrone (odstavení kol) &#8211; Bahnhofstraße-Elbradweg &#8211; Bad Schandau &#8211; překročení Labe (most) &#8211; Prossen &#8211; Halbestadt (přeprava do Königsteinu) &#8211; Talstraße do Cunnersdorfu</p>
<h4>Okruh Schneeberg (55 km)</h4>
<p>Cunnersdorf (260 m n. m.) &#8211; Fuchsteich- hraniční přechod Rosenthal- (CR) Schneeberg (722 m n. m. AT, Ghs.)- Maxdorf (Maxicky)- Bodenbach (Podmokly) (120 m n. m. !) &#8211; Elbradweg- Schöna- (varianta: S-Bahn do Königsteinu)- Bad Schandau- Rietzschgrund- Gohrisch- Cunnersdorf Trasa je velmi náročná, ale zajímavá, z Maxdorfu do Bad Schandau pouze z kopce (opačný směr se nedoporučuje), nutný průkaz totožnosti</p>

<p>Vzhledem k topografii erozního pohoří jsou některé úseky velmi náročné. Níže uvedené trasy lze samozřejmě zahájit, zkrátit nebo kombinovat i v jiných částech obce. Charakter cest je různý a sahá&hellip;</p>
