{"id":995,"date":"2026-02-08T18:07:41","date_gmt":"2026-02-08T18:07:41","guid":{"rendered":"https:\/\/go.ar-plan.de\/?page_id=995"},"modified":"2026-02-08T18:14:35","modified_gmt":"2026-02-08T18:14:35","slug":"impressum","status":"publish","type":"page","link":"https:\/\/gohrisch.de\/?page_id=995","title":{"rendered":"Impressum"},"content":{"rendered":"<h4>Impressum<\/h4>\n<table cellspacing=\"0\" cellpadding=\"0\">\n<tbody>\n<tr>\n<th colspan=\"4\"><strong>F\u00fcr den Inhalt verantwortlich:<\/strong><\/th>\n<\/tr>\n<tr>\n<td colspan=\"3\">Gemeindeverwaltung Gohrisch<br \/>\nEhrenamtlicher\u00a0B\u00fcrgermeister Herr Kay Eisert<\/td>\n<td><\/td>\n<\/tr>\n<tr>\n<td>OT Kurort Gohrisch<\/td>\n<td><\/td>\n<td>Telefon:<\/td>\n<td>035021 661-0<\/td>\n<\/tr>\n<tr>\n<td>Neue Hauptstr. 116 b<\/td>\n<td><\/td>\n<td>Telefax:<\/td>\n<td>035021 661-14<\/td>\n<\/tr>\n<tr>\n<td>01824 Gohrisch<\/td>\n<td><\/td>\n<td>e-mail:<\/td>\n<td><a class=\"email\" href=\"mailto:buero@gv-gohrisch.de\">buero@gv-gohrisch.de<\/a><\/td>\n<\/tr>\n<\/tbody>\n<\/table>\n<p><strong>Haftungsausschluss<\/strong><\/p>\n<p>Die Autoren \u00fcbernehmen keinerlei Gew\u00e4hr f\u00fcr die Aktualit\u00e4t, Korrektheit, Vollst\u00e4ndigkeit und Qualit\u00e4t der bereitgestellten Informationen. Haftungsanspr\u00fcche gegen die Autoren, die sich auf Sch\u00e4den materieller oder ideeller Art beziehen, welche durch die Nutzung oder Nichtnutzung der dargebotenen Informationen bzw. durch fehlerhafte und unvollst\u00e4ndige Informationen verursacht wurden sind grunds\u00e4tzlich ausgeschlossen.<\/p>\n<p><strong>Verweise und Links<\/strong><\/p>\n<p>Der Autor erkl\u00e4rt ausdr\u00fccklich, dass zum Zeitpunkt der Linksetzung die entsprechenden verlinkten Seiten frei von illegalen Inhalten waren. Der Autor hat keinerlei Einfluss auf die aktuelle und zuk\u00fcnftige Gestaltung und auf die Inhalte der gelinkten\/verkn\u00fcpften Seiten. Deshalb distanziert er sich hiermit ausdr\u00fccklich von allen Inhalten dieser Seiten.<\/p>\n<p>Diese Feststellung gilt f\u00fcr alle innerhalb des eigenen Internetangebotes gesetzten Links und Verweise sowie f\u00fcr Fremdeintr\u00e4ge in vom Autor eingerichteten G\u00e4steb\u00fcchern, Diskussionsforen und Mailinglisten. F\u00fcr illegale, fehlerhafte oder unvollst\u00e4ndige Inhalte und insbesondere f\u00fcr Sch\u00e4den, die aus der Nutzung oder Nichtnutzung solcherart dargebotener Informationen entstehen, haftet allein der Anbieter der Seite, auf welche verwiesen wurde, nicht derjenige, der \u00fcber Links auf die jeweilige Ver\u00f6ffentlichung lediglich verweist.<\/p>\n<p><strong>Urheberrecht <\/strong><\/p>\n<p>Das Copyright f\u00fcr ver\u00f6ffentlichte, von Autoren selbst erstellte Objekte bleibt allein bei den Autoren der Seiten. Eine Vervielf\u00e4ltigung oder Verwendung\u00a0der Bilder,\u00a0Grafiken und Texte in anderen elektronischen oder gedruckten Publikationen ist ohne ausdr\u00fcckliche Zustimmung der Autoren nicht gestattet.<\/p>\n<p><strong>Verbraucherstreitbeilegung<\/strong><\/p>\n<p>Wir sind nicht bereit oder verpflichtet, an Streitbeilegungsverfahren vor einer Verbraucherschlichtungsstelle teilzunehmen.<\/p>\n","protected":false},"excerpt":{"rendered":"<p>Impressum F\u00fcr den Inhalt verantwortlich: Gemeindeverwaltung Gohrisch Ehrenamtlicher\u00a0B\u00fcrgermeister Herr Kay Eisert OT Kurort Gohrisch Telefon: 035021 661-0 Neue Hauptstr. 116 b Telefax: 035021 661-14 01824 Gohrisch e-mail: buero@gv-gohrisch.de Haftungsausschluss Die&hellip;<\/p>\n","protected":false},"author":1,"featured_media":0,"parent":0,"menu_order":0,"comment_status":"closed","ping_status":"closed","template":"","meta":{"_FSMCFIC_featured_image_caption":"","_FSMCFIC_featured_image_nocaption":"","_FSMCFIC_featured_image_hide":"","_mc_calendar":[],"footnotes":""},"class_list":["post-995","page","type-page","status-publish","hentry"],"_links":{"self":[{"href":"https:\/\/gohrisch.de\/index.php?rest_route=\/wp\/v2\/pages\/995","targetHints":{"allow":["GET"]}}],"collection":[{"href":"https:\/\/gohrisch.de\/index.php?rest_route=\/wp\/v2\/pages"}],"about":[{"href":"https:\/\/gohrisch.de\/index.php?rest_route=\/wp\/v2\/types\/page"}],"author":[{"embeddable":true,"href":"https:\/\/gohrisch.de\/index.php?rest_route=\/wp\/v2\/users\/1"}],"replies":[{"embeddable":true,"href":"https:\/\/gohrisch.de\/index.php?rest_route=%2Fwp%2Fv2%2Fcomments&post=995"}],"version-history":[{"count":2,"href":"https:\/\/gohrisch.de\/index.php?rest_route=\/wp\/v2\/pages\/995\/revisions"}],"predecessor-version":[{"id":997,"href":"https:\/\/gohrisch.de\/index.php?rest_route=\/wp\/v2\/pages\/995\/revisions\/997"}],"wp:attachment":[{"href":"https:\/\/gohrisch.de\/index.php?rest_route=%2Fwp%2Fv2%2Fmedia&parent=995"}],"curies":[{"name":"wp","href":"https:\/\/api.w.org\/{rel}","templated":true}]}}

<h4>Impressum</h4>
<table cellspacing="0" cellpadding="0">
<tbody>
<tr>
<th colspan="4"><strong>Für den Inhalt verantwortlich:</strong></th>
</tr>
<tr>
<td colspan="3">Gemeindeverwaltung Gohrisch<br />
Ehrenamtlicher Bürgermeister Herr Kay Eisert</td>
<td></td>
</tr>
<tr>
<td>OT Kurort Gohrisch</td>
<td></td>
<td>Telefon:</td>
<td>035021 661-0</td>
</tr>
<tr>
<td>Neue Hauptstr. 116 b</td>
<td></td>
<td>Telefax:</td>
<td>035021 661-14</td>
</tr>
<tr>
<td>01824 Gohrisch</td>
<td></td>
<td>e-mail:</td>
<td><a class="email" href="mailto:buero@gv-gohrisch.de">buero@gv-gohrisch.de</a></td>
</tr>
</tbody>
</table>
<p><strong>Haftungsausschluss</strong></p>
<p>Die Autoren übernehmen keinerlei Gewähr für die Aktualität, Korrektheit, Vollständigkeit und Qualität der bereitgestellten Informationen. Haftungsansprüche gegen die Autoren, die sich auf Schäden materieller oder ideeller Art beziehen, welche durch die Nutzung oder Nichtnutzung der dargebotenen Informationen bzw. durch fehlerhafte und unvollständige Informationen verursacht wurden sind grundsätzlich ausgeschlossen.</p>
<p><strong>Verweise und Links</strong></p>
<p>Der Autor erklärt ausdrücklich, dass zum Zeitpunkt der Linksetzung die entsprechenden verlinkten Seiten frei von illegalen Inhalten waren. Der Autor hat keinerlei Einfluss auf die aktuelle und zukünftige Gestaltung und auf die Inhalte der gelinkten/verknüpften Seiten. Deshalb distanziert er sich hiermit ausdrücklich von allen Inhalten dieser Seiten.</p>
<p>Diese Feststellung gilt für alle innerhalb des eigenen Internetangebotes gesetzten Links und Verweise sowie für Fremdeinträge in vom Autor eingerichteten Gästebüchern, Diskussionsforen und Mailinglisten. Für illegale, fehlerhafte oder unvollständige Inhalte und insbesondere für Schäden, die aus der Nutzung oder Nichtnutzung solcherart dargebotener Informationen entstehen, haftet allein der Anbieter der Seite, auf welche verwiesen wurde, nicht derjenige, der über Links auf die jeweilige Veröffentlichung lediglich verweist.</p>
<p><strong>Urheberrecht </strong></p>
<p>Das Copyright für veröffentlichte, von Autoren selbst erstellte Objekte bleibt allein bei den Autoren der Seiten. Eine Vervielfältigung oder Verwendung der Bilder, Grafiken und Texte in anderen elektronischen oder gedruckten Publikationen ist ohne ausdrückliche Zustimmung der Autoren nicht gestattet.</p>
<p><strong>Verbraucherstreitbeilegung</strong></p>
<p>Wir sind nicht bereit oder verpflichtet, an Streitbeilegungsverfahren vor einer Verbraucherschlichtungsstelle teilzunehmen.</p>

<p>Impressum Für den Inhalt verantwortlich: Gemeindeverwaltung Gohrisch Ehrenamtlicher Bürgermeister Herr Kay Eisert OT Kurort Gohrisch Telefon: 035021 661-0 Neue Hauptstr. 116 b Telefax: 035021 661-14 01824 Gohrisch e-mail: buero@gv-gohrisch.de Haftungsausschluss Die&hellip;</p>
